
Calculate the greatest common factor of 255 and 120.
15
Calculate the greatest common factor of 6 and 1941.
3
What is the greatest common divisor of 3 and 1968?
3
What is the highest common divisor of 41 and 17?
1
What is the greatest common divisor of 6 and 1011?
3
What is the highest common factor of 223 and 1?
1
What is the highest common divisor of 621 and 405?
27
Calculate the greatest common divisor of 5934 and 1032.
258
Calculate the greatest common divisor of 96 and 20.
4
Calculate the highest common factor of 54 and 432.
54
Calculate the highest common divisor of 24 and 408.
24
What is the greatest common factor of 18 and 9?
9
Calculate the greatest common divisor of 72 and 270.
18
Calculate the highest common divisor of 6945 and 75.
15
What is the highest common divisor of 5 and 145?
5
What is the greatest common divisor of 26 and 91?
13
Calculate the highest common divisor of 481 and 1147.
37
Calculate the highest common factor of 8 and 16.
8
What is the greatest common divisor of 204 and 544?
68
What is the greatest common divisor of 45 and 15?
15
What is the greatest common factor of 54 and 16173?
27
What is the highest common factor of 729 and 27?
27
What is the highest common factor of 16 and 98?
2
What is the highest common factor of 32 and 64?
32
Calculate the greatest common factor of 66 and 242.
22
What is the greatest common divisor of 20 and 13510?
10
Calculate the greatest common factor of 13578 and 1674.
186
Calculate the highest common factor of 21 and 147.
21
What is the highest common factor of 807 and 12?
3
Calculate the highest common divisor of 584 and 72.
8
What is the greatest common factor of 2 and 146?
2
What is the highest common divisor of 236 and 413?
59
Calculate the highest common divisor of 15 and 285.
15
Calculate the highest common divisor of 140 and 91.
7
What is the greatest common divisor of 1725 and 150?
75
What is the greatest common divisor of 130 and 1144?
26
What is the highest common factor of 138 and 874?
46
What is the highest common factor of 12 and 1168?
4
What is the highest common divisor of 57 and 2641?
19
What is the greatest common divisor of 160 and 288?
32
Calculate the highest common divisor of 40 and 6580.
20
Calculate the highest common factor of 296 and 10434.
74
What is the highest common divisor of 290 and 250?
10
What is the highest common factor of 30 and 66?
6
Calculate the greatest common factor of 128 and 400.
16
Calculate the highest common divisor of 128 and 1.
1
Calculate the greatest common factor of 144 and 112.
16
Calculate the greatest common divisor of 185 and 25345.
185
Calculate the greatest common divisor of 120 and 1920.
120
What is the highest common divisor of 183 and 549?
183
Calculate the highest common divisor of 9 and 9819.
9
Calculate the greatest common divisor of 700 and 900.
100
Calculate the greatest common divisor of 231 and 99.
33
Calculate the highest common factor of 77 and 14.
7
Calculate the greatest common divisor of 46 and 23552.
46
Calculate the greatest common factor of 130 and 195.
65
Calculate the greatest common factor of 154 and 84.
14
What is the greatest common factor of 165 and 120?
15
What is the greatest common divisor of 75 and 1455?
15
Calculate the highest common factor of 7623 and 11.
11
What is the greatest common divisor of 60 and 15?
15
What is the highest common divisor of 80 and 35?
5
Calculate the greatest common factor of 189 and 105.
21
What is the highest common divisor of 992 and 31?
31
What is the greatest common divisor of 54 and 15102?
18
What is the highest common factor of 94 and 2021?
47
What is the greatest common divisor of 119 and 102?
17
Calculate the greatest common factor of 18881 and 956.
239
What is the greatest common divisor of 140 and 1330?
70
Calculate the greatest common divisor of 77 and 2.
1
Calculate the greatest common factor of 224 and 16.
16
What is the highest common factor of 100 and 725?
25
Calculate the greatest common divisor of 300 and 6480.
60
Calculate the highest common divisor of 9 and 36.
9
What is the highest common factor of 2 and 172?
2
Calculate the highest common divisor of 12834 and 2898.
414
Calculate the highest common divisor of 26 and 18694.
26
Calculate the greatest common divisor of 35 and 12845.
35
What is the highest common factor of 135 and 75?
15
What is the highest common divisor of 318 and 6?
6
Calculate the greatest common factor of 156 and 116.
4
What is the greatest common factor of 54 and 12042?
54
Calculate the highest common factor of 786 and 2620.
262
Calculate the highest common factor of 126 and 336.
42
Calculate the greatest common factor of 73 and 365.
73
Calculate the greatest common factor of 340 and 2244.
68
Calculate the greatest common factor of 96 and 912.
48
What is the greatest common factor of 38 and 722?
38
What is the highest common factor of 9 and 27?
9
Calculate the highest common factor of 10 and 25.
5
What is the highest common divisor of 600 and 3675?
75
Calculate the highest common factor of 900 and 40.
20
Calculate the greatest common factor of 16 and 2192.
16
What is the highest common divisor of 725 and 899?
29
What is the highest common divisor of 4148 and 8?
4
Calculate the greatest common factor of 38054 and 106.
106
Calculate the greatest common divisor of 514 and 12593.
257
Calculate the highest common factor of 36 and 60.
12
What is the highest common divisor of 5960 and 16?
8
What is the greatest common divisor of 128 and 24?
8
What is the greatest common factor of 102 and 6?
6
Calculate the greatest common factor of 79 and 869.
79
What is the highest common factor of 10496 and 820?
164
What is the greatest common divisor of 1352 and 8?
8
Calculate the highest common factor of 1078 and 110.
22
What is the greatest common factor of 1520 and 320?
80
What is the highest common factor of 57 and 447?
3
What is the highest common factor of 57 and 627?
57
What is the greatest common factor of 5 and 305?
5
What is the greatest common divisor of 4092 and 33?
33
What is the highest common factor of 1107 and 594?
27
Calculate the greatest common factor of 18 and 126.
18
What is the greatest common divisor of 18 and 6?
6
Calculate the greatest common divisor of 10246 and 188.
94
Calculate the greatest common factor of 338 and 247.
13
Calculate the highest common factor of 57 and 3667.
19
What is the greatest common factor of 5240 and 40?
40
Calculate the greatest common divisor of 135 and 10.
5
Calculate the greatest common divisor of 1740 and 45.
15
What is the highest common factor of 4444 and 22?
22
What is the greatest common divisor of 119 and 68?
17
What is the highest common factor of 272 and 256?
16
Calculate the highest common factor of 47 and 141.
47
Calculate the highest common divisor of 2123 and 11.
11
What is the highest common factor of 14 and 4634?
14
What is the greatest common divisor of 105 and 255?
15
Calculate the greatest common factor of 16441 and 82.
41
What is the greatest common factor of 18 and 585?
9
What is the greatest common factor of 1271 and 205?
41
Calculate the highest common divisor of 810 and 729.
81
What is the greatest common divisor of 133 and 19684?
133
What is the greatest common factor of 343 and 7?
7
What is the greatest common divisor of 112 and 16?
16
What is the highest common divisor of 2 and 94?
2
Calculate the greatest common factor of 56 and 68.
4
What is the greatest common factor of 261 and 9?
9
What is the greatest common divisor of 5523 and 21?
21
Calculate the greatest common factor of 80 and 64.
16
What is the greatest common factor of 136 and 17?
17
What is the greatest common divisor of 604 and 6946?
302
Calculate the highest common divisor of 28 and 56.
28
Calculate the greatest common divisor of 88 and 429.
11
Calculate the greatest common divisor of 2890 and 10.
10
What is the highest common divisor of 82 and 123?
41
What is the highest common divisor of 44 and 176?
44
What is the greatest common factor of 17411 and 23?
23
Calculate the greatest common divisor of 260 and 195.
65
What is the greatest common divisor of 188 and 564?
188
What is the highest common factor of 10 and 1270?
10
What is the greatest common divisor of 5 and 2?
1
Calculate the greatest common factor o